CRAN Package Check Results for Package RWeka

Last updated on 2017-12-20 00:47:18 CET.

Flavor Version Tinstall Tcheck Ttotal Status Flags
r-devel-linux-x86_64-debian-clang 0.4-36 4.66 90.22 94.88 OK
r-devel-linux-x86_64-debian-gcc 0.4-36 OK
r-devel-linux-x86_64-fedora-clang 0.4-36 124.72 OK
r-devel-linux-x86_64-fedora-gcc 0.4-36 122.82 OK
r-devel-windows-ix86+x86_64 0.4-36 11.00 90.00 101.00 OK
r-patched-linux-x86_64 0.4-36 4.30 103.04 107.34 OK
r-patched-solaris-x86 0.4-36 118.50 OK
r-release-linux-x86_64 0.4-36 4.70 102.10 106.80 OK
r-release-windows-ix86+x86_64 0.4-36 9.00 119.00 128.00 OK
r-release-osx-x86_64 0.4-36 OK
r-oldrel-windows-ix86+x86_64 0.4-36 7.00 114.00 121.00 OK
r-oldrel-osx-x86_64 0.4-36 ERROR

Check Details

Version: 0.4-36
Check: package dependencies
Result: ERROR
    Package required and available but unsuitable version: ‘RWekajars’
    
    See section ‘The DESCRIPTION file’ in the ‘Writing R Extensions’
    manual.
Flavor: r-oldrel-osx-x86_64