Last updated on 2017-12-20 00:47:14 CET.
Flavor | Version | Tinstall | Tcheck | Ttotal | Status | Flags |
---|---|---|---|---|---|---|
r-devel-linux-x86_64-debian-clang | 0.2-3 | 68.67 | 20.12 | 88.79 | NOTE | |
r-devel-linux-x86_64-debian-gcc | 0.2-3 | NOTE | ||||
r-devel-linux-x86_64-fedora-clang | 0.2-3 | 170.81 | NOTE | |||
r-devel-linux-x86_64-fedora-gcc | 0.2-3 | 118.93 | NOTE | |||
r-devel-windows-ix86+x86_64 | 0.2-3 | 274.00 | 87.00 | 361.00 | OK | |
r-patched-linux-x86_64 | 0.2-3 | 64.81 | 21.74 | 86.55 | NOTE | |
r-patched-solaris-x86 | 0.2-3 | 129.70 | OK | |||
r-release-linux-x86_64 | 0.2-3 | 65.35 | 21.74 | 87.09 | NOTE | |
r-release-windows-ix86+x86_64 | 0.2-3 | 195.00 | 85.00 | 280.00 | OK | |
r-release-osx-x86_64 | 0.2-3 | NOTE | ||||
r-oldrel-windows-ix86+x86_64 | 0.2-3 | 192.00 | 70.00 | 262.00 | OK | |
r-oldrel-osx-x86_64 | 0.2-3 | NOTE |
Version: 0.2-3
Check: compiled code
Result: NOTE
File ‘Rmalschains/libs/Rmalschains.so’:
Found no calls to: ‘R_registerRoutines’, ‘R_useDynamicSymbols’
It is good practice to register native routines and to disable symbol
search.
See ‘Writing portable packages’ in the ‘Writing R Extensions’ manual.
Flavors: r-devel-linux-x86_64-debian-clang, r-devel-linux-x86_64-debian-gcc, r-devel-linux-x86_64-fedora-clang, r-devel-linux-x86_64-fedora-gcc, r-patched-linux-x86_64, r-release-linux-x86_64
Version: 0.2-3
Check: installed package size
Result: NOTE
installed size is 7.2Mb
sub-directories of 1Mb or more:
libs 7.1Mb
Flavors: r-devel-linux-x86_64-fedora-clang, r-devel-linux-x86_64-fedora-gcc, r-release-osx-x86_64, r-oldrel-osx-x86_64