CRAN Package Check Results for Package Rpoppler

Last updated on 2017-12-20 00:47:15 CET.

Flavor Version Tinstall Tcheck Ttotal Status Flags
r-devel-linux-x86_64-debian-clang 0.1-0 3.52 14.50 18.02 OK
r-devel-linux-x86_64-debian-gcc 0.1-0 OK
r-devel-linux-x86_64-fedora-clang 0.1-0 23.96 OK
r-devel-linux-x86_64-fedora-gcc 0.1-0 23.09 OK
r-patched-linux-x86_64 0.1-0 2.93 14.35 17.28 OK
r-patched-solaris-x86 0.1-0 34.50 OK
r-release-linux-x86_64 0.1-0 3.05 14.50 17.55 OK
r-release-osx-x86_64 0.1-0 ERROR
r-oldrel-osx-x86_64 0.1-0 ERROR

Check Details

Version: 0.1-0
Check: whether package can be installed
Result: ERROR
    Installation failed.
Flavors: r-release-osx-x86_64, r-oldrel-osx-x86_64