Last updated on 2017-12-20 00:47:19 CET.
Flavor | Version | Tinstall | Tcheck | Ttotal | Status | Flags |
---|---|---|---|---|---|---|
r-devel-linux-x86_64-debian-clang | 17.0-0.0 | 11.41 | 28.68 | 40.09 | OK | |
r-devel-linux-x86_64-debian-gcc | 17.0-0.0 | OK | ||||
r-devel-linux-x86_64-fedora-clang | 17.0-0.0 | 56.09 | NOTE | |||
r-devel-linux-x86_64-fedora-gcc | 17.0-0.0 | 55.47 | NOTE | |||
r-devel-windows-ix86+x86_64 | 17.0-0.0 | 21.00 | 44.00 | 65.00 | NOTE | |
r-patched-linux-x86_64 | 17.0-0.0 | 11.21 | 31.78 | 42.99 | OK | |
r-patched-solaris-x86 | 17.0-0.0 | 94.10 | NOTE | |||
r-release-linux-x86_64 | 17.0-0.0 | 12.65 | 31.90 | 44.55 | OK | |
r-release-windows-ix86+x86_64 | 17.0-0.0 | 17.00 | 44.00 | 61.00 | NOTE | |
r-release-osx-x86_64 | 17.0-0.0 | NOTE | ||||
r-oldrel-windows-ix86+x86_64 | 17.0-0.0 | 14.00 | 57.00 | 71.00 | NOTE | |
r-oldrel-osx-x86_64 | 17.0-0.0 | NOTE |
Version: 17.0-0.0
Check: installed package size
Result: NOTE
installed size is 7.9Mb
sub-directories of 1Mb or more:
data 7.8Mb
Flavors: r-devel-linux-x86_64-fedora-clang, r-devel-linux-x86_64-fedora-gcc, r-devel-windows-ix86+x86_64, r-patched-solaris-x86, r-release-windows-ix86+x86_64, r-release-osx-x86_64, r-oldrel-windows-ix86+x86_64, r-oldrel-osx-x86_64
Version: 17.0-0.0
Check: package dependencies
Result: NOTE
Package suggested but not available for checking: ‘SGP’
Flavor: r-release-osx-x86_64