Last updated on 2017-12-20 00:47:21 CET.
Flavor | Version | Tinstall | Tcheck | Ttotal | Status | Flags |
---|---|---|---|---|---|---|
r-devel-linux-x86_64-debian-clang | 0.2.3 | 8.56 | 194.26 | 202.82 | OK | |
r-devel-linux-x86_64-debian-gcc | 0.2.3 | OK | ||||
r-devel-linux-x86_64-fedora-clang | 0.2.3 | 272.30 | NOTE | |||
r-devel-linux-x86_64-fedora-gcc | 0.2.3 | 273.21 | NOTE | |||
r-devel-windows-ix86+x86_64 | 0.2.3 | 25.00 | 241.00 | 266.00 | OK | |
r-patched-linux-x86_64 | 0.2.3 | 9.69 | 233.78 | 243.47 | OK | |
r-patched-solaris-x86 | 0.2.3 | 409.30 | NOTE | |||
r-release-linux-x86_64 | 0.2.3 | 9.68 | 226.49 | 236.17 | OK | |
r-release-windows-ix86+x86_64 | 0.2.3 | 19.00 | 232.00 | 251.00 | OK | |
r-release-osx-x86_64 | 0.2.3 | NOTE | ||||
r-oldrel-windows-ix86+x86_64 | 0.2.3 | 26.00 | 310.00 | 336.00 | OK | |
r-oldrel-osx-x86_64 | 0.2.3 | NOTE |
Version: 0.2.3
Check: dependencies in R code
Result: NOTE
Namespace in Imports field not imported from: ‘shinyFiles’
All declared Imports should be used.
Flavors: r-devel-linux-x86_64-fedora-clang, r-devel-linux-x86_64-fedora-gcc, r-patched-solaris-x86, r-release-osx-x86_64, r-oldrel-osx-x86_64