Last updated on 2017-12-20 00:47:18 CET.
Flavor | Version | Tinstall | Tcheck | Ttotal | Status | Flags |
---|---|---|---|---|---|---|
r-devel-linux-x86_64-debian-clang | 2.7 | 32.37 | 86.98 | 119.35 | OK | |
r-devel-linux-x86_64-debian-gcc | 2.7 | OK | ||||
r-devel-linux-x86_64-fedora-clang | 2.7 | 158.55 | NOTE | |||
r-devel-linux-x86_64-fedora-gcc | 2.7 | 173.75 | NOTE | |||
r-devel-windows-ix86+x86_64 | 2.7 | 154.00 | 130.00 | 284.00 | OK | |
r-patched-linux-x86_64 | 2.7 | 43.59 | 101.41 | 145.00 | OK | |
r-patched-solaris-x86 | 2.7 | 266.50 | OK | |||
r-release-linux-x86_64 | 2.7 | 42.67 | 100.39 | 143.06 | OK | |
r-release-windows-ix86+x86_64 | 2.7 | 111.00 | 119.00 | 230.00 | OK | |
r-release-osx-x86_64 | 2.7 | WARN | ||||
r-oldrel-windows-ix86+x86_64 | 2.7 | 176.00 | 161.00 | 337.00 | OK | |
r-oldrel-osx-x86_64 | 2.7 | NOTE |
Version: 2.7
Check: DESCRIPTION meta-information
Result: NOTE
Dependence on R version ‘3.3.1’ not with patchlevel 0
Flavors: r-devel-linux-x86_64-fedora-clang, r-devel-linux-x86_64-fedora-gcc
Version: 2.7
Check: installed package size
Result: NOTE
installed size is 5.7Mb
sub-directories of 1Mb or more:
libs 5.0Mb
Flavors: r-release-osx-x86_64, r-oldrel-osx-x86_64
Version: 2.7
Check: re-building of vignette outputs
Result: WARN
Error in re-building vignettes:
...
Error: processing vignette 'SemiCompRisks.ltx' failed with diagnostics:
Running 'texi2dvi' on 'SemiCompRisks.ltx' failed.
LaTeX errors:
! LaTeX Error: File `ntheorem.sty' not found.
Type X to quit or <RETURN> to proceed,
or enter new name. (Default extension: sty)
! Emergency stop.
<read *>
l.7 \newtheorem
{theorem}{Theorem}^^M
! ==> Fatal error occurred, no output PDF file produced!
Execution halted
Flavor: r-release-osx-x86_64