Last updated on 2017-12-20 00:47:19 CET.
Flavor | Version | Tinstall | Tcheck | Ttotal | Status | Flags |
---|---|---|---|---|---|---|
r-devel-linux-x86_64-debian-clang | 0.0.4 | 21.11 | 30.26 | 51.37 | OK | |
r-devel-linux-x86_64-debian-gcc | 0.0.4 | OK | ||||
r-devel-linux-x86_64-fedora-clang | 0.0.4 | 74.96 | OK | |||
r-devel-linux-x86_64-fedora-gcc | 0.0.4 | 69.19 | OK | |||
r-devel-windows-ix86+x86_64 | 0.0.4 | 73.00 | 63.00 | 136.00 | NOTE | |
r-patched-linux-x86_64 | 0.0.4 | 20.21 | 32.17 | 52.38 | OK | |
r-patched-solaris-x86 | 0.0.4 | 27.10 | ERROR | |||
r-release-linux-x86_64 | 0.0.4 | 20.20 | 32.13 | 52.33 | OK | |
r-release-windows-ix86+x86_64 | 0.0.4 | 55.00 | 65.00 | 120.00 | NOTE | |
r-release-osx-x86_64 | 0.0.4 | OK | ||||
r-oldrel-windows-ix86+x86_64 | 0.0.4 | 51.00 | 92.00 | 143.00 | NOTE | |
r-oldrel-osx-x86_64 | 0.0.4 | OK |
Version: 0.0.4
Check: package dependencies
Result: NOTE
Package suggested but not available for checking: 'doMC'
Flavors: r-devel-windows-ix86+x86_64, r-release-windows-ix86+x86_64, r-oldrel-windows-ix86+x86_64
Version: 0.0.4
Check: whether package can be installed
Result: ERROR
Installation failed.
Flavor: r-patched-solaris-x86