Last updated on 2017-12-20 00:47:19 CET.
Flavor | Version | Tinstall | Tcheck | Ttotal | Status | Flags |
---|---|---|---|---|---|---|
r-devel-linux-x86_64-debian-clang | 2.1.0 | 37.15 | 295.43 | 332.58 | OK | |
r-devel-linux-x86_64-debian-gcc | 2.1.0 | OK | ||||
r-devel-linux-x86_64-fedora-clang | 2.1.0 | 432.82 | WARN | |||
r-devel-linux-x86_64-fedora-gcc | 2.1.0 | 427.17 | WARN | |||
r-devel-windows-ix86+x86_64 | 2.1.0 | 96.00 | 441.00 | 537.00 | OK | |
r-patched-linux-x86_64 | 2.1.0 | 41.54 | 359.07 | 400.61 | OK | |
r-patched-solaris-x86 | 2.1.0 | 608.30 | NOTE | |||
r-release-linux-x86_64 | 2.1.0 | 40.26 | 345.91 | 386.17 | OK | |
r-release-windows-ix86+x86_64 | 2.1.0 | 85.00 | 424.00 | 509.00 | OK | |
r-release-osx-x86_64 | 2.1.0 | NOTE | ||||
r-oldrel-windows-ix86+x86_64 | 2.1.0 | 138.00 | 592.00 | 730.00 | OK | |
r-oldrel-osx-x86_64 | 2.1.0 | NOTE |
Version: 2.1.0
Check: package dependencies
Result: NOTE
Package suggested but not available for checking: ‘MAST’
Flavors: r-devel-linux-x86_64-fedora-clang, r-devel-linux-x86_64-fedora-gcc, r-patched-solaris-x86, r-oldrel-osx-x86_64
Version: 2.1.0
Check: whether package can be installed
Result: WARN
Found the following significant warnings:
Warning: namespace ‘Biobase’ is not available and has been replaced
Flavors: r-devel-linux-x86_64-fedora-clang, r-devel-linux-x86_64-fedora-gcc
Version: 2.1.0
Check: installed package size
Result: NOTE
installed size is 5.7Mb
sub-directories of 1Mb or more:
libs 4.7Mb
Flavors: r-devel-linux-x86_64-fedora-clang, r-devel-linux-x86_64-fedora-gcc, r-release-osx-x86_64, r-oldrel-osx-x86_64
Version: 2.1.0
Check: package dependencies
Result: NOTE
Packages suggested but not available for checking:
‘SummarizedExperiment’ ‘MAST’ ‘DESeq2’
Flavor: r-release-osx-x86_64