CRAN Package Check Results for Package SpaDES.addins

Last updated on 2017-12-20 00:47:20 CET.

Flavor Version Tinstall Tcheck Ttotal Status Flags
r-devel-linux-x86_64-debian-clang 0.1.0 9.51 111.50 121.01 OK
r-devel-linux-x86_64-debian-gcc 0.1.0 OK
r-devel-linux-x86_64-fedora-clang 0.1.0 157.89 NOTE
r-devel-linux-x86_64-fedora-gcc 0.1.0 159.82 NOTE
r-devel-windows-ix86+x86_64 0.1.0 25.00 143.00 168.00 OK
r-patched-linux-x86_64 0.1.0 11.15 136.58 147.73 OK
r-patched-solaris-x86 0.1.0 246.60 NOTE
r-release-linux-x86_64 0.1.0 9.99 132.99 142.98 OK
r-release-windows-ix86+x86_64 0.1.0 21.00 131.00 152.00 OK
r-release-osx-x86_64 0.1.0 NOTE
r-oldrel-windows-ix86+x86_64 0.1.0 38.00 176.00 214.00 OK
r-oldrel-osx-x86_64 0.1.0 ERROR

Check Details

Version: 0.1.0
Check: DESCRIPTION meta-information
Result: NOTE
    Dependence on R version ‘3.3.3’ not with patchlevel 0
Flavors: r-devel-linux-x86_64-fedora-clang, r-devel-linux-x86_64-fedora-gcc

Version: 0.1.0
Check: dependencies in R code
Result: NOTE
    Namespaces in Imports field not imported from:
     ‘devtools’ ‘rstudioapi’
     All declared Imports should be used.
Flavors: r-devel-linux-x86_64-fedora-clang, r-devel-linux-x86_64-fedora-gcc, r-patched-solaris-x86, r-release-osx-x86_64

Version: 0.1.0
Check: package dependencies
Result: ERROR
    Package required but not available: ‘SpaDES.core’
    
    See section ‘The DESCRIPTION file’ in the ‘Writing R Extensions’
    manual.
Flavor: r-oldrel-osx-x86_64