Last updated on 2017-12-20 00:47:20 CET.
Flavor | Version | Tinstall | Tcheck | Ttotal | Status | Flags |
---|---|---|---|---|---|---|
r-devel-linux-x86_64-debian-clang | 0.1.0 | 36.36 | 211.05 | 247.41 | OK | |
r-devel-linux-x86_64-debian-gcc | 0.1.0 | OK | ||||
r-devel-linux-x86_64-fedora-clang | 0.1.0 | 317.67 | NOTE | |||
r-devel-linux-x86_64-fedora-gcc | 0.1.0 | 315.41 | NOTE | |||
r-devel-windows-ix86+x86_64 | 0.1.0 | 98.00 | 350.00 | 448.00 | OK | |
r-patched-linux-x86_64 | 0.1.0 | 35.18 | 241.19 | 276.37 | OK | |
r-patched-solaris-x86 | 0.1.0 | 394.70 | NOTE | |||
r-release-linux-x86_64 | 0.1.0 | 35.64 | 232.50 | 268.14 | OK | |
r-release-windows-ix86+x86_64 | 0.1.0 | 74.00 | 318.00 | 392.00 | OK | |
r-release-osx-x86_64 | 0.1.0 | NOTE | ||||
r-oldrel-windows-ix86+x86_64 | 0.1.0 | 100.00 | 459.00 | 559.00 | OK | |
r-oldrel-osx-x86_64 | 0.1.0 | ERROR |
Version: 0.1.0
Check: DESCRIPTION meta-information
Result: NOTE
Dependence on R version ‘3.3.2’ not with patchlevel 0
Flavors: r-devel-linux-x86_64-fedora-clang, r-devel-linux-x86_64-fedora-gcc
Version: 0.1.0
Check: dependencies in R code
Result: NOTE
Namespace in Imports field not imported from: ‘fastdigest’
All declared Imports should be used.
Flavors: r-devel-linux-x86_64-fedora-clang, r-devel-linux-x86_64-fedora-gcc, r-patched-solaris-x86, r-release-osx-x86_64
Version: 0.1.0
Check: package dependencies
Result: NOTE
Package suggested but not available for checking: ‘microbenchmark’
Flavor: r-patched-solaris-x86
Version: 0.1.0
Check: package dependencies
Result: ERROR
Package required but not available: ‘quickPlot’
See section ‘The DESCRIPTION file’ in the ‘Writing R Extensions’
manual.
Flavor: r-oldrel-osx-x86_64