CRAN Package Check Results for Package SparseFactorAnalysis

Last updated on 2017-12-20 00:47:20 CET.

Flavor Version Tinstall Tcheck Ttotal Status Flags
r-devel-linux-x86_64-debian-clang 1.0 38.20 35.71 73.91 NOTE
r-devel-linux-x86_64-debian-gcc 1.0 NOTE
r-devel-linux-x86_64-fedora-clang 1.0 106.91 NOTE
r-devel-linux-x86_64-fedora-gcc 1.0 108.29 NOTE
r-devel-windows-ix86+x86_64 1.0 137.00 67.00 204.00 OK
r-patched-linux-x86_64 1.0 43.03 40.05 83.08 NOTE
r-patched-solaris-x86 1.0 119.10 OK
r-release-linux-x86_64 1.0 42.39 39.64 82.03 NOTE
r-release-windows-ix86+x86_64 1.0 90.00 64.00 154.00 OK
r-release-osx-x86_64 1.0 OK
r-oldrel-windows-ix86+x86_64 1.0 137.00 89.00 226.00 OK
r-oldrel-osx-x86_64 1.0 OK

Check Details

Version: 1.0
Check: compiled code
Result: NOTE
    File ‘SparseFactorAnalysis/libs/SparseFactorAnalysis.so’:
     Found no calls to: ‘R_registerRoutines’, ‘R_useDynamicSymbols’
    
    It is good practice to register native routines and to disable symbol
    search.
    
    See ‘Writing portable packages’ in the ‘Writing R Extensions’ manual.
Flavors: r-devel-linux-x86_64-debian-clang, r-devel-linux-x86_64-debian-gcc, r-devel-linux-x86_64-fedora-clang, r-devel-linux-x86_64-fedora-gcc, r-patched-linux-x86_64, r-release-linux-x86_64