Last updated on 2017-12-20 00:47:23 CET.
Flavor | Version | Tinstall | Tcheck | Ttotal | Status | Flags |
---|---|---|---|---|---|---|
r-devel-linux-x86_64-debian-clang | 1.0-8 | 2.58 | 21.00 | 23.58 | OK | |
r-devel-linux-x86_64-debian-gcc | 1.0-8 | OK | ||||
r-devel-linux-x86_64-fedora-clang | 1.0-8 | 34.03 | NOTE | |||
r-devel-linux-x86_64-fedora-gcc | 1.0-8 | 34.53 | NOTE | |||
r-devel-windows-ix86+x86_64 | 1.0-8 | 10.00 | 33.00 | 43.00 | NOTE | |
r-patched-linux-x86_64 | 1.0-8 | 2.66 | 24.51 | 27.17 | OK | |
r-patched-solaris-x86 | 1.0-8 | 56.80 | NOTE | |||
r-release-linux-x86_64 | 1.0-8 | 2.82 | 24.50 | 27.32 | OK | |
r-release-windows-ix86+x86_64 | 1.0-8 | 6.00 | 34.00 | 40.00 | NOTE | |
r-release-osx-x86_64 | 1.0-8 | NOTE | ||||
r-oldrel-windows-ix86+x86_64 | 1.0-8 | 10.00 | 46.00 | 56.00 | NOTE | |
r-oldrel-osx-x86_64 | 1.0-8 | NOTE |
Version: 1.0-8
Check: installed package size
Result: NOTE
installed size is 5.3Mb
sub-directories of 1Mb or more:
data 1.2Mb
rda 3.8Mb
Flavors: r-devel-linux-x86_64-fedora-clang, r-devel-linux-x86_64-fedora-gcc, r-devel-windows-ix86+x86_64, r-patched-solaris-x86, r-release-windows-ix86+x86_64, r-release-osx-x86_64, r-oldrel-windows-ix86+x86_64, r-oldrel-osx-x86_64