CRAN Package Check Results for Package ThreeArmedTrials

Last updated on 2017-12-20 00:47:23 CET.

Flavor Version Tinstall Tcheck Ttotal Status Flags
r-devel-linux-x86_64-debian-clang 1.0-0 1.51 35.22 36.73 NOTE
r-devel-linux-x86_64-debian-gcc 1.0-0 NOTE
r-devel-linux-x86_64-fedora-clang 1.0-0 45.02 NOTE
r-devel-linux-x86_64-fedora-gcc 1.0-0 44.89 NOTE
r-devel-windows-ix86+x86_64 1.0-0 8.00 52.00 60.00 OK
r-patched-linux-x86_64 1.0-0 1.59 36.13 37.72 NOTE
r-patched-solaris-x86 1.0-0 57.50 OK
r-release-linux-x86_64 1.0-0 1.74 35.97 37.71 NOTE
r-release-windows-ix86+x86_64 1.0-0 6.00 51.00 57.00 OK
r-release-osx-x86_64 1.0-0 OK
r-oldrel-windows-ix86+x86_64 1.0-0 5.00 67.00 72.00 OK
r-oldrel-osx-x86_64 1.0-0 OK

Check Details

Version: 1.0-0
Check: compiled code
Result: NOTE
    File ‘ThreeArmedTrials/libs/ThreeArmedTrials.so’:
     Found no calls to: ‘R_registerRoutines’, ‘R_useDynamicSymbols’
    
    It is good practice to register native routines and to disable symbol
    search.
    
    See ‘Writing portable packages’ in the ‘Writing R Extensions’ manual.
Flavors: r-devel-linux-x86_64-debian-clang, r-devel-linux-x86_64-debian-gcc, r-devel-linux-x86_64-fedora-clang, r-devel-linux-x86_64-fedora-gcc, r-patched-linux-x86_64, r-release-linux-x86_64