Last updated on 2017-12-20 00:47:25 CET.
Flavor | Version | Tinstall | Tcheck | Ttotal | Status | Flags |
---|---|---|---|---|---|---|
r-devel-linux-x86_64-debian-clang | 1.0-4 | 24.74 | 382.12 | 406.86 | OK | |
r-devel-linux-x86_64-debian-gcc | 1.0-4 | OK | ||||
r-devel-linux-x86_64-fedora-clang | 1.0-4 | 504.12 | NOTE | |||
r-devel-linux-x86_64-fedora-gcc | 1.0-4 | 495.32 | NOTE | |||
r-devel-windows-ix86+x86_64 | 1.0-4 | 107.00 | 506.00 | 613.00 | NOTE | |
r-patched-linux-x86_64 | 1.0-4 | 25.28 | 459.97 | 485.25 | OK | |
r-patched-solaris-x86 | 1.0-4 | 596.10 | NOTE | |||
r-release-linux-x86_64 | 1.0-4 | 26.29 | 456.01 | 482.30 | OK | |
r-release-windows-ix86+x86_64 | 1.0-4 | 72.00 | 640.00 | 712.00 | NOTE | |
r-release-osx-x86_64 | 1.0-4 | NOTE | ||||
r-oldrel-windows-ix86+x86_64 | 1.0-3 | 76.00 | 510.00 | 586.00 | NOTE | |
r-oldrel-osx-x86_64 | 1.0-4 | ERROR |
Version: 1.0-4
Check: installed package size
Result: NOTE
installed size is 5.5Mb
sub-directories of 1Mb or more:
R 1.5Mb
help 2.6Mb
Flavors: r-devel-linux-x86_64-fedora-clang, r-devel-linux-x86_64-fedora-gcc, r-devel-windows-ix86+x86_64, r-patched-solaris-x86, r-release-windows-ix86+x86_64, r-release-osx-x86_64
Version: 1.0-3
Check: installed package size
Result: NOTE
installed size is 6.3Mb
sub-directories of 1Mb or more:
R 1.5Mb
doc 1.2Mb
help 2.6Mb
Flavor: r-oldrel-windows-ix86+x86_64
Version: 1.0-4
Check: whether package can be installed
Result: ERROR
Installation failed.
Flavor: r-oldrel-osx-x86_64