Last updated on 2017-12-20 00:47:25 CET.
Flavor | Version | Tinstall | Tcheck | Ttotal | Status | Flags |
---|---|---|---|---|---|---|
r-devel-linux-x86_64-debian-clang | 0.10.0 | 10.28 | 138.43 | 148.71 | OK | |
r-devel-linux-x86_64-debian-gcc | 0.10.0 | OK | ||||
r-devel-linux-x86_64-fedora-clang | 0.10.0 | 212.80 | OK | |||
r-devel-linux-x86_64-fedora-gcc | 0.10.0 | 215.74 | OK | |||
r-devel-windows-ix86+x86_64 | 0.10.0 | 38.00 | 4.00 | 42.00 | ERROR | |
r-patched-linux-x86_64 | 0.10.0 | 10.80 | 177.04 | 187.84 | OK | |
r-patched-solaris-x86 | 0.10.0 | 351.80 | OK | |||
r-release-linux-x86_64 | 0.10.0 | 11.38 | 177.17 | 188.55 | OK | |
r-release-windows-ix86+x86_64 | 0.10.0 | 44.00 | 6.00 | 50.00 | ERROR | |
r-release-osx-x86_64 | 0.10.0 | ERROR | ||||
r-oldrel-windows-ix86+x86_64 | 0.10.0 | 78.00 | 7.00 | 85.00 | ERROR | |
r-oldrel-osx-x86_64 | 0.10.0 | OK |
Version: 0.10.0
Check: whether package can be installed
Result: ERROR
Installation failed.
Flavors: r-devel-windows-ix86+x86_64, r-release-windows-ix86+x86_64, r-oldrel-windows-ix86+x86_64
Version: 0.10.0
Check: package dependencies
Result: ERROR
Packages required but not available: ‘gWidgetsRGtk2’ ‘RGtk2’
See section ‘The DESCRIPTION file’ in the ‘Writing R Extensions’
manual.
Flavor: r-release-osx-x86_64