CRAN Package Check Results for Package Xplortext

Last updated on 2017-12-20 00:47:26 CET.

Flavor Version Tinstall Tcheck Ttotal Status Flags
r-devel-linux-x86_64-debian-clang 1.1.0 2.17 69.82 71.99 OK
r-devel-linux-x86_64-debian-gcc 1.1.0 OK
r-devel-linux-x86_64-fedora-clang 1.1.0 88.90 NOTE
r-devel-linux-x86_64-fedora-gcc 1.1.0 88.96 NOTE
r-devel-windows-ix86+x86_64 1.1.0 8.00 80.00 88.00 OK
r-patched-linux-x86_64 1.1.0 2.50 80.74 83.24 OK
r-patched-solaris-x86 1.1.0 114.90 OK
r-release-linux-x86_64 1.1.0 2.06 78.91 80.97 OK
r-release-windows-ix86+x86_64 1.1.0 8.00 86.00 94.00 OK
r-release-osx-x86_64 1.1.0 OK
r-oldrel-windows-ix86+x86_64 1.1.0 11.00 101.00 112.00 OK
r-oldrel-osx-x86_64 1.1.0 OK

Check Details

Version: 1.1.0
Check: DESCRIPTION meta-information
Result: NOTE
    Dependence on R version ‘3.3.1’ not with patchlevel 0
Flavors: r-devel-linux-x86_64-fedora-clang, r-devel-linux-x86_64-fedora-gcc