Last updated on 2017-12-20 00:46:39 CET.
Flavor | Version | Tinstall | Tcheck | Ttotal | Status | Flags |
---|---|---|---|---|---|---|
r-devel-linux-x86_64-debian-clang | 0.2-8 | 6.57 | 72.10 | 78.67 | OK | |
r-devel-linux-x86_64-debian-gcc | 0.2-8 | OK | ||||
r-devel-linux-x86_64-fedora-clang | 0.2-8 | 112.25 | OK | |||
r-devel-linux-x86_64-fedora-gcc | 0.2-8 | 113.05 | OK | |||
r-devel-windows-ix86+x86_64 | 0.2-8 | 21.00 | 96.00 | 117.00 | OK | |
r-patched-linux-x86_64 | 0.2-8 | 6.56 | 91.71 | 98.27 | OK | |
r-patched-solaris-x86 | 0.2-8 | 175.60 | OK | |||
r-release-linux-x86_64 | 0.2-8 | 6.87 | 89.89 | 96.76 | OK | |
r-release-windows-ix86+x86_64 | 0.2-8 | 17.00 | 107.00 | 124.00 | OK | |
r-release-osx-x86_64 | 0.2-8 | NOTE | ||||
r-oldrel-windows-ix86+x86_64 | 0.2-8 | 37.00 | 138.00 | 175.00 | OK | |
r-oldrel-osx-x86_64 | 0.2-8 | OK |
Version: 0.2-8
Check: package dependencies
Result: NOTE
Package suggested but not available for checking: ‘HH’
Flavor: r-release-osx-x86_64