CRAN Package Check Results for Package agRee

Last updated on 2017-12-20 00:46:39 CET.

Flavor Version Tinstall Tcheck Ttotal Status Flags
r-devel-linux-x86_64-debian-clang 0.5-0 4.53 55.53 60.06 OK
r-devel-linux-x86_64-debian-gcc 0.5-0 OK
r-devel-linux-x86_64-fedora-clang 0.5-0 89.07 OK
r-devel-linux-x86_64-fedora-gcc 0.5-0 90.47 OK
r-devel-windows-ix86+x86_64 0.5-0 19.00 74.00 93.00 OK
r-patched-linux-x86_64 0.5-0 5.39 71.03 76.42 OK
r-release-linux-x86_64 0.5-0 5.48 70.50 75.98 OK
r-release-windows-ix86+x86_64 0.5-0 10.00 75.00 85.00 OK
r-release-osx-x86_64 0.5-0 ERROR
r-oldrel-windows-ix86+x86_64 0.5-0 16.00 98.00 114.00 OK
r-oldrel-osx-x86_64 0.5-0 ERROR

Check Details

Version: 0.5-0
Check: package dependencies
Result: ERROR
    Package required but not available: ‘miscF’
    
    See section ‘The DESCRIPTION file’ in the ‘Writing R Extensions’
    manual.
Flavor: r-release-osx-x86_64

Version: 0.5-0
Check: package dependencies
Result: ERROR
    Package required and available but unsuitable version: ‘miscF’
    
    See section ‘The DESCRIPTION file’ in the ‘Writing R Extensions’
    manual.
Flavor: r-oldrel-osx-x86_64