Last updated on 2017-12-20 00:46:39 CET.
Flavor | Version | Tinstall | Tcheck | Ttotal | Status | Flags |
---|---|---|---|---|---|---|
r-devel-linux-x86_64-debian-clang | 0.17-0 | 12.92 | 114.58 | 127.50 | NOTE | |
r-devel-linux-x86_64-debian-gcc | 0.17-0 | NOTE | ||||
r-devel-linux-x86_64-fedora-clang | 0.17-0 | 168.52 | NOTE | |||
r-devel-linux-x86_64-fedora-gcc | 0.17-0 | 168.94 | NOTE | |||
r-devel-windows-ix86+x86_64 | 0.17-0 | 29.00 | 177.00 | 206.00 | OK | |
r-patched-linux-x86_64 | 0.17-0 | 11.93 | 133.76 | 145.69 | NOTE | |
r-patched-solaris-x86 | 0.17-0 | 243.40 | OK | |||
r-release-linux-x86_64 | 0.17-0 | 13.78 | 131.92 | 145.70 | NOTE | |
r-release-windows-ix86+x86_64 | 0.17-0 | 20.00 | 166.00 | 186.00 | OK | |
r-release-osx-x86_64 | 0.17-0 | OK | ||||
r-oldrel-windows-ix86+x86_64 | 0.17-0 | 30.00 | 221.00 | 251.00 | OK | |
r-oldrel-osx-x86_64 | 0.17-0 | OK |
Version: 0.17-0
Check: compiled code
Result: NOTE
File ‘analogue/libs/analogue.so’:
Found no calls to: ‘R_registerRoutines’, ‘R_useDynamicSymbols’
It is good practice to register native routines and to disable symbol
search.
See ‘Writing portable packages’ in the ‘Writing R Extensions’ manual.
Flavors: r-devel-linux-x86_64-debian-clang, r-devel-linux-x86_64-debian-gcc, r-devel-linux-x86_64-fedora-clang, r-devel-linux-x86_64-fedora-gcc, r-patched-linux-x86_64, r-release-linux-x86_64