CRAN Package Check Results for Package apsimr

Last updated on 2017-12-20 00:46:40 CET.

Flavor Version Tinstall Tcheck Ttotal Status Flags
r-devel-linux-x86_64-debian-clang 1.2 4.76 64.44 69.20 OK
r-devel-linux-x86_64-debian-gcc 1.2 OK
r-devel-linux-x86_64-fedora-clang 1.2 97.21 OK
r-devel-linux-x86_64-fedora-gcc 1.2 97.29 OK
r-devel-windows-ix86+x86_64 1.2 16.00 86.00 102.00 OK
r-patched-linux-x86_64 1.2 4.89 77.00 81.89 OK
r-patched-solaris-x86 1.2 151.10 OK
r-release-linux-x86_64 1.2 4.53 75.29 79.82 OK
r-release-windows-ix86+x86_64 1.2 11.00 85.00 96.00 OK
r-release-osx-x86_64 1.2 WARN
r-oldrel-windows-ix86+x86_64 1.2 16.00 123.00 139.00 OK
r-oldrel-osx-x86_64 1.2 OK

Check Details

Version: 1.2
Check: re-building of vignette outputs
Result: WARN
    Error in re-building vignettes:
     ...
    Warning: running command 'kpsewhich framed.sty' had status 1
    Warning in test_latex_pkg("framed", system.file("misc", "framed.sty", package = "knitr")) :
     unable to find LaTeX package 'framed'; will use a copy from knitr
    Error in texi2dvi(file = file, pdf = TRUE, clean = clean, quiet = quiet, :
     Running 'texi2dvi' on 'apsimr-basics.tex' failed.
    LaTeX errors:
    ! LaTeX Error: File `titlesec.sty' not found.
    
    Type X to quit or <RETURN> to proceed,
    or enter new name. (Default extension: sty)
    
    ! Emergency stop.
    <read *>
    
    l.99 \usepackage
     {titletoc}^^M
    ! ==> Fatal error occurred, no output PDF file produced!
    Calls: buildVignettes -> texi2pdf -> texi2dvi
    Execution halted
Flavor: r-release-osx-x86_64