CRAN Package Check Results for Package asus

Last updated on 2017-12-20 00:46:40 CET.

Flavor Version Tinstall Tcheck Ttotal Status Flags
r-devel-linux-x86_64-debian-clang 1.0.0 0.87 23.66 24.53 OK
r-devel-linux-x86_64-debian-gcc 1.0.0 OK
r-devel-linux-x86_64-fedora-clang 1.0.0 31.68 NOTE
r-devel-linux-x86_64-fedora-gcc 1.0.0 30.75 NOTE
r-devel-windows-ix86+x86_64 1.0.0 4.00 36.00 40.00 OK
r-patched-linux-x86_64 1.0.0 0.94 25.06 26.00 OK
r-patched-solaris-x86 1.0.0 42.40 OK
r-release-linux-x86_64 1.0.0 0.94 24.79 25.73 OK
r-release-windows-ix86+x86_64 1.0.0 3.00 33.00 36.00 OK
r-release-osx-x86_64 1.0.0 OK
r-oldrel-osx-x86_64 1.0.0 ERROR

Check Details

Version: 1.0.0
Check: DESCRIPTION meta-information
Result: NOTE
    Dependence on R version ‘3.4.2’ not with patchlevel 0
Flavors: r-devel-linux-x86_64-fedora-clang, r-devel-linux-x86_64-fedora-gcc

Version: 1.0.0
Check: whether package can be installed
Result: ERROR
    Installation failed.
Flavor: r-oldrel-osx-x86_64