CRAN Package Check Results for Package backShift

Last updated on 2017-12-20 00:46:41 CET.

Flavor Version Tinstall Tcheck Ttotal Status Flags
r-devel-linux-x86_64-debian-clang 0.1.4.2 2.57 104.56 107.13 OK
r-devel-linux-x86_64-debian-gcc 0.1.4.2 OK
r-devel-linux-x86_64-fedora-clang 0.1.4.2 129.17 OK
r-devel-linux-x86_64-fedora-gcc 0.1.4.2 128.77 OK
r-devel-windows-ix86+x86_64 0.1.4.2 10.00 184.00 194.00 OK
r-patched-linux-x86_64 0.1.4.2 2.24 117.20 119.44 OK
r-patched-solaris-x86 0.1.4.2 174.90 OK
r-release-linux-x86_64 0.1.4.2 2.36 118.53 120.89 OK
r-release-windows-ix86+x86_64 0.1.4.2 9.00 179.00 188.00 OK
r-release-osx-x86_64 0.1.4.2 NOTE
r-oldrel-windows-ix86+x86_64 0.1.4.2 16.00 245.00 261.00 OK
r-oldrel-osx-x86_64 0.1.4.2 OK

Check Details

Version: 0.1.4.2
Check: package dependencies
Result: NOTE
    Package suggested but not available for checking: ‘pcalg’
Flavor: r-release-osx-x86_64

Version: 0.1.4.2
Check: Rd cross-references
Result: NOTE
    Package unavailable to check Rd xrefs: ‘pcalg’
Flavor: r-release-osx-x86_64