Last updated on 2017-12-20 00:46:41 CET.
Flavor | Version | Tinstall | Tcheck | Ttotal | Status | Flags |
---|---|---|---|---|---|---|
r-devel-linux-x86_64-debian-clang | 0.1.6 | 3.24 | 42.63 | 45.87 | OK | |
r-devel-linux-x86_64-debian-gcc | 0.1.6 | OK | ||||
r-devel-linux-x86_64-fedora-clang | 0.1.6 | 59.01 | OK | |||
r-devel-linux-x86_64-fedora-gcc | 0.1.6 | 57.83 | OK | |||
r-devel-windows-ix86+x86_64 | 0.1.6 | 9.00 | 72.00 | 81.00 | OK | |
r-patched-linux-x86_64 | 0.1.6 | 3.81 | 48.51 | 52.32 | OK | |
r-patched-solaris-x86 | 0.1.6 | 86.20 | OK | |||
r-release-linux-x86_64 | 0.1.6 | 3.70 | 47.50 | 51.20 | OK | |
r-release-windows-ix86+x86_64 | 0.1.6 | 8.00 | 72.00 | 80.00 | OK | |
r-release-osx-x86_64 | 0.1.6 | NOTE | ||||
r-oldrel-windows-ix86+x86_64 | 0.1.6 | 8.00 | 86.00 | 94.00 | OK | |
r-oldrel-osx-x86_64 | 0.1.6 | OK |
Version: 0.1.6
Check: re-building of vignette outputs
Result: NOTE
Error in re-building vignettes:
...
The following objects are masked from ‘package:stats’:
filter, lag
The following objects are masked from ‘package:base’:
intersect, setdiff, setequal, union
Error in texi2dvi(file = file, pdf = TRUE, clean = clean, quiet = quiet, :
Running 'texi2dvi' on 'backtestGraphics.tex' failed.
LaTeX errors:
! LaTeX Error: File `titlesec.sty' not found.
Type X to quit or <RETURN> to proceed,
or enter new name. (Default extension: sty)
! Emergency stop.
<read *>
l.99 \usepackage
{titletoc}^^M
! ==> Fatal error occurred, no output PDF file produced!
Calls: buildVignettes -> texi2pdf -> texi2dvi
Execution halted
Flavor: r-release-osx-x86_64