CRAN Package Check Results for Package biomod2

Last updated on 2017-12-20 00:46:42 CET.

Flavor Version Tinstall Tcheck Ttotal Status Flags
r-devel-linux-x86_64-debian-clang 3.3-7 9.10 167.00 176.10 NOTE
r-devel-linux-x86_64-debian-gcc 3.3-7 NOTE
r-devel-linux-x86_64-fedora-clang 3.3-7 234.50 NOTE
r-devel-linux-x86_64-fedora-gcc 3.3-7 232.90 NOTE
r-devel-windows-ix86+x86_64 3.3-7 30.00 183.00 213.00 NOTE
r-patched-linux-x86_64 3.3-7 10.87 205.68 216.55 NOTE
r-patched-solaris-x86 3.3-7 327.40 NOTE
r-release-linux-x86_64 3.3-7 9.07 203.73 212.80 NOTE
r-release-windows-ix86+x86_64 3.3-7 18.00 175.00 193.00 NOTE
r-release-osx-x86_64 3.3-7 NOTE
r-oldrel-windows-ix86+x86_64 3.3-7 32.00 228.00 260.00 OK
r-oldrel-osx-x86_64 3.3-7 OK

Check Details

Version: 3.3-7
Check: DESCRIPTION meta-information
Result: NOTE
    BugReports field is not a suitable URL but contains an email address
     which will be used as from R 3.4.0
Flavors: r-devel-linux-x86_64-debian-clang, r-devel-linux-x86_64-debian-gcc, r-devel-linux-x86_64-fedora-clang, r-devel-linux-x86_64-fedora-gcc, r-devel-windows-ix86+x86_64, r-patched-linux-x86_64, r-patched-solaris-x86, r-release-linux-x86_64, r-release-windows-ix86+x86_64, r-release-osx-x86_64