Last updated on 2017-12-20 00:46:42 CET.
Flavor | Version | Tinstall | Tcheck | Ttotal | Status | Flags |
---|---|---|---|---|---|---|
r-devel-linux-x86_64-debian-clang | 0.2.0 | 0.95 | 34.82 | 35.77 | OK | |
r-devel-linux-x86_64-debian-gcc | 0.2.0 | OK | ||||
r-devel-linux-x86_64-fedora-clang | 0.2.0 | 43.65 | NOTE | |||
r-devel-linux-x86_64-fedora-gcc | 0.2.0 | 43.85 | NOTE | |||
r-devel-windows-ix86+x86_64 | 0.2.0 | 3.00 | 48.00 | 51.00 | OK | |
r-patched-linux-x86_64 | 0.2.0 | 0.84 | 36.13 | 36.97 | OK | |
r-patched-solaris-x86 | 0.2.0 | 52.70 | OK | |||
r-release-linux-x86_64 | 0.2.0 | 0.84 | 35.25 | 36.09 | OK | |
r-release-windows-ix86+x86_64 | 0.2.0 | 2.00 | 47.00 | 49.00 | OK | |
r-release-osx-x86_64 | 0.2.0 | OK | ||||
r-oldrel-osx-x86_64 | 0.2.0 | ERROR |
Version: 0.2.0
Check: DESCRIPTION meta-information
Result: NOTE
Dependence on R version ‘3.4.2’ not with patchlevel 0
Flavors: r-devel-linux-x86_64-fedora-clang, r-devel-linux-x86_64-fedora-gcc
Version: 0.2.0
Check: whether package can be installed
Result: ERROR
Installation failed.
Flavor: r-oldrel-osx-x86_64