CRAN Package Check Results for Package bossMaps

Last updated on 2017-12-20 00:46:43 CET.

Flavor Version Tinstall Tcheck Ttotal Status Flags
r-devel-linux-x86_64-debian-clang 0.1.0 4.11 193.26 197.37 OK
r-devel-linux-x86_64-debian-gcc 0.1.0 OK
r-devel-linux-x86_64-fedora-clang 0.1.0 254.75 NOTE
r-devel-linux-x86_64-fedora-gcc 0.1.0 283.54 NOTE
r-devel-windows-ix86+x86_64 0.1.0 10.00 259.00 269.00 OK
r-patched-linux-x86_64 0.1.0 4.97 234.52 239.49 OK
r-patched-solaris-x86 0.1.0 427.50 NOTE
r-release-linux-x86_64 0.1.0 4.93 230.01 234.94 OK
r-release-windows-ix86+x86_64 0.1.0 9.00 258.00 267.00 OK
r-release-osx-x86_64 0.1.0 NOTE
r-oldrel-windows-ix86+x86_64 0.1.0 14.00 300.00 314.00 OK
r-oldrel-osx-x86_64 0.1.0 NOTE

Check Details

Version: 0.1.0
Check: dependencies in R code
Result: NOTE
    Namespaces in Imports field not imported from:
     ‘rgdal’ ‘tidyr’
     All declared Imports should be used.
Flavors: r-devel-linux-x86_64-fedora-clang, r-devel-linux-x86_64-fedora-gcc, r-patched-solaris-x86, r-release-osx-x86_64, r-oldrel-osx-x86_64