Last updated on 2017-12-20 00:46:43 CET.
Flavor | Version | Tinstall | Tcheck | Ttotal | Status | Flags |
---|---|---|---|---|---|---|
r-devel-linux-x86_64-debian-clang | 1.0-32 | 5.37 | 31.44 | 36.81 | NOTE | |
r-devel-linux-x86_64-debian-gcc | 1.0-32 | NOTE | ||||
r-devel-linux-x86_64-fedora-clang | 1.0-32 | 47.43 | NOTE | |||
r-devel-linux-x86_64-fedora-gcc | 1.0-32 | 46.64 | NOTE | |||
r-devel-windows-ix86+x86_64 | 1.0-32 | 24.00 | 51.00 | 75.00 | OK | |
r-patched-linux-x86_64 | 1.0-32 | 5.61 | 35.00 | 40.61 | NOTE | |
r-patched-solaris-x86 | 1.0-32 | 61.80 | OK | |||
r-release-linux-x86_64 | 1.0-32 | 5.74 | 35.59 | 41.33 | NOTE | |
r-release-windows-ix86+x86_64 | 1.0-32 | 23.00 | 51.00 | 74.00 | OK | |
r-release-osx-x86_64 | 1.0-32 | OK | ||||
r-oldrel-windows-ix86+x86_64 | 1.0-32 | 18.00 | 47.00 | 65.00 | OK | |
r-oldrel-osx-x86_64 | 1.0-32 | OK |
Version: 1.0-32
Check: compiled code
Result: NOTE
File ‘bqtl/libs/bqtl.so’:
Found no calls to: ‘R_registerRoutines’, ‘R_useDynamicSymbols’
It is good practice to register native routines and to disable symbol
search.
See ‘Writing portable packages’ in the ‘Writing R Extensions’ manual.
Flavors: r-devel-linux-x86_64-debian-clang, r-devel-linux-x86_64-debian-gcc, r-devel-linux-x86_64-fedora-clang, r-devel-linux-x86_64-fedora-gcc, r-patched-linux-x86_64, r-release-linux-x86_64