Last updated on 2017-12-20 00:46:43 CET.
Flavor | Version | Tinstall | Tcheck | Ttotal | Status | Flags |
---|---|---|---|---|---|---|
r-devel-linux-x86_64-debian-clang | 0.6 | 2.10 | 18.26 | 20.36 | NOTE | |
r-devel-linux-x86_64-debian-gcc | 0.6 | NOTE | ||||
r-devel-linux-x86_64-fedora-clang | 0.6 | 25.73 | NOTE | |||
r-devel-linux-x86_64-fedora-gcc | 0.6 | 25.27 | NOTE | |||
r-devel-windows-ix86+x86_64 | 0.6 | 9.00 | 33.00 | 42.00 | OK | |
r-patched-linux-x86_64 | 0.6 | 1.95 | 18.72 | 20.67 | NOTE | |
r-patched-solaris-x86 | 0.6 | 34.50 | OK | |||
r-release-linux-x86_64 | 0.6 | 2.11 | 19.06 | 21.17 | NOTE | |
r-release-windows-ix86+x86_64 | 0.6 | 8.00 | 35.00 | 43.00 | OK | |
r-release-osx-x86_64 | 0.6 | OK | ||||
r-oldrel-windows-ix86+x86_64 | 0.6 | 18.00 | 41.00 | 59.00 | OK | |
r-oldrel-osx-x86_64 | 0.6 | OK |
Version: 0.6
Check: compiled code
Result: NOTE
File ‘brnn/libs/brnn.so’:
Found no calls to: ‘R_registerRoutines’, ‘R_useDynamicSymbols’
It is good practice to register native routines and to disable symbol
search.
See ‘Writing portable packages’ in the ‘Writing R Extensions’ manual.
Flavors: r-devel-linux-x86_64-debian-clang, r-devel-linux-x86_64-debian-gcc, r-devel-linux-x86_64-fedora-clang, r-devel-linux-x86_64-fedora-gcc, r-patched-linux-x86_64, r-release-linux-x86_64