CRAN Package Check Results for Package camsRad

Last updated on 2017-12-20 00:46:43 CET.

Flavor Version Tinstall Tcheck Ttotal Status Flags
r-devel-linux-x86_64-debian-clang 0.3.0 0.69 18.31 19.00 OK
r-devel-linux-x86_64-debian-gcc 0.3.0 OK
r-devel-linux-x86_64-fedora-clang 0.3.0 24.75 OK
r-devel-linux-x86_64-fedora-gcc 0.3.0 24.28 OK
r-devel-windows-ix86+x86_64 0.3.0 4.00 30.00 34.00 OK
r-patched-linux-x86_64 0.3.0 0.75 18.89 19.64 OK
r-patched-solaris-x86 0.3.0 31.70 OK
r-release-linux-x86_64 0.3.0 0.82 18.65 19.47 OK
r-release-windows-ix86+x86_64 0.3.0 2.00 30.00 32.00 OK
r-release-osx-x86_64 0.3.0 NOTE
r-oldrel-windows-ix86+x86_64 0.3.0 2.00 38.00 40.00 OK
r-oldrel-osx-x86_64 0.3.0 OK

Check Details

Version: 0.3.0
Check: package dependencies
Result: NOTE
    Package suggested but not available for checking: ‘ncdf4’
Flavor: r-release-osx-x86_64