CRAN Package Check Results for Package caretEnsemble

Last updated on 2017-12-20 00:46:43 CET.

Flavor Version Tinstall Tcheck Ttotal Status Flags
r-devel-linux-x86_64-debian-clang 2.0.0 7.76 351.53 359.29 OK
r-devel-linux-x86_64-debian-gcc 2.0.0 OK
r-devel-linux-x86_64-fedora-clang 2.0.0 439.58 OK
r-devel-linux-x86_64-fedora-gcc 2.0.0 435.35 OK
r-devel-windows-ix86+x86_64 2.0.0 19.00 355.00 374.00 OK
r-patched-linux-x86_64 2.0.0 7.70 370.14 377.84 OK
r-patched-solaris-x86 2.0.0 662.10 ERROR
r-release-linux-x86_64 2.0.0 8.25 365.28 373.53 OK
r-release-windows-ix86+x86_64 2.0.0 18.00 346.00 364.00 OK
r-release-osx-x86_64 2.0.0 OK
r-oldrel-windows-ix86+x86_64 2.0.0 35.00 433.00 468.00 OK
r-oldrel-osx-x86_64 2.0.0 OK

Check Details

Version: 2.0.0
Check: tests
Result: ERROR
     Running ‘testthat.R’ [251s/256s]
    Running the tests in ‘tests/testthat.R’ failed.
    Complete output:
     > library(testthat)
     > library(caretEnsemble)
     >
     > test_check("caretEnsemble")
     ── 1. Error: caretList errors for bad models (@test-caretList.R#84) ───────────
     caret:train failed for all models. Please inspect your data.
     1: suppressWarnings({
     sink <- capture.output({
     expect_error(caretList(iris[, 1:4], iris[, 5], tuneList = bad_bad, trControl = my_control))
     expect_error(caretList(iris[, 1:4], iris[, 5], tuneList = good_bad, trControl = my_control))
     expect_error(caretList(iris[, 1:4], iris[, 5], tuneList = bad_bad, trControl = my_control,
     continue_on_fail = TRUE))
     expect_is(caretList(iris[, 1:4], iris[, 5], tuneList = good_bad, trControl = my_control,
     continue_on_fail = TRUE), "caretList")
     })
     }) at testthat/test-caretList.R:84
     2: withCallingHandlers(expr, warning = function(w) invokeRestart("muffleWarning"))
     3: capture.output({
     expect_error(caretList(iris[, 1:4], iris[, 5], tuneList = bad_bad, trControl = my_control))
     expect_error(caretList(iris[, 1:4], iris[, 5], tuneList = good_bad, trControl = my_control))
     expect_error(caretList(iris[, 1:4], iris[, 5], tuneList = bad_bad, trControl = my_control,
     continue_on_fail = TRUE))
     expect_is(caretList(iris[, 1:4], iris[, 5], tuneList = good_bad, trControl = my_control,
     continue_on_fail = TRUE), "caretList")
     }) at testthat/test-caretList.R:85
     4: evalVis(expr)
     5: withVisible(eval(expr, pf))
     6: eval(expr, pf)
     7: eval(expr, pf)
     8: expect_is(caretList(iris[, 1:4], iris[, 5], tuneList = good_bad, trControl = my_control,
     continue_on_fail = TRUE), "caretList")
     9: quasi_label(enquo(object), label)
     10: eval_bare(get_expr(quo), get_env(quo))
     11: caretList(iris[, 1:4], iris[, 5], tuneList = good_bad, trControl = my_control, continue_on_fail = TRUE)
     12: stop("caret:train failed for all models. Please inspect your data.")
    
     ══ testthat results ═══════════════════════════════════════════════════════════
     OK: 444 SKIPPED: 29 FAILED: 1
     1. Error: caretList errors for bad models (@test-caretList.R#84)
    
     Error: testthat unit tests failed
     Execution halted
Flavor: r-patched-solaris-x86