Last updated on 2017-12-20 00:46:44 CET.
Flavor | Version | Tinstall | Tcheck | Ttotal | Status | Flags |
---|---|---|---|---|---|---|
r-devel-linux-x86_64-debian-clang | 0.4.2 | 2.29 | 76.38 | 78.67 | OK | |
r-devel-linux-x86_64-debian-gcc | 0.4.2 | OK | ||||
r-devel-linux-x86_64-fedora-clang | 0.4.2 | 98.43 | OK | |||
r-devel-linux-x86_64-fedora-gcc | 0.4.2 | 99.53 | OK | |||
r-devel-windows-ix86+x86_64 | 0.4.2 | 11.00 | 85.00 | 96.00 | OK | |
r-patched-linux-x86_64 | 0.4.2 | 2.62 | 89.63 | 92.25 | OK | |
r-patched-solaris-x86 | 0.4.2 | 119.40 | OK | |||
r-release-linux-x86_64 | 0.4.2 | 2.63 | 88.16 | 90.79 | OK | |
r-release-windows-ix86+x86_64 | 0.4.2 | 6.00 | 85.00 | 91.00 | OK | |
r-release-osx-x86_64 | 0.4.2 | NOTE | ||||
r-oldrel-windows-ix86+x86_64 | 0.4.2 | 6.00 | 112.00 | 118.00 | OK | |
r-oldrel-osx-x86_64 | 0.4.2 | OK |
Version: 0.4.2
Check: package dependencies
Result: NOTE
Package suggested but not available for checking: ‘ComplexHeatmap’
Flavor: r-release-osx-x86_64