Last updated on 2017-12-20 00:46:45 CET.
Flavor | Version | Tinstall | Tcheck | Ttotal | Status | Flags |
---|---|---|---|---|---|---|
r-devel-linux-x86_64-debian-clang | 0.1.7 | 1.39 | 47.00 | 48.39 | OK | |
r-devel-linux-x86_64-debian-gcc | 0.1.7 | OK | ||||
r-devel-linux-x86_64-fedora-clang | 0.1.7 | 66.42 | OK | |||
r-devel-linux-x86_64-fedora-gcc | 0.1.7 | 64.25 | OK | |||
r-devel-windows-ix86+x86_64 | 0.1.7 | 6.00 | 68.00 | 74.00 | OK | |
r-patched-linux-x86_64 | 0.1.7 | 1.62 | 53.34 | 54.96 | OK | |
r-patched-solaris-x86 | 0.1.7 | 75.50 | OK | |||
r-release-linux-x86_64 | 0.1.7 | 1.21 | 53.13 | 54.34 | OK | |
r-release-windows-ix86+x86_64 | 0.1.7 | 4.00 | 68.00 | 72.00 | OK | |
r-release-osx-x86_64 | 0.1.7 | WARN | ||||
r-oldrel-windows-ix86+x86_64 | 0.1.7 | 4.00 | 76.00 | 80.00 | OK | |
r-oldrel-osx-x86_64 | 0.1.7 | OK |
Version: 0.1.7
Check: re-building of vignette outputs
Result: WARN
Error in re-building vignettes:
...
Error: processing vignette 'R_packages-comf.ltx' failed with diagnostics:
Running 'texi2dvi' on 'R_packages-comf.ltx' failed.
LaTeX errors:
! LaTeX Error: File `subfigure.sty' not found.
Type X to quit or <RETURN> to proceed,
or enter new name. (Default extension: sty)
! Emergency stop.
<read *>
l.25 \usepackage
{multirow}^^M
! ==> Fatal error occurred, no output PDF file produced!
Execution halted
Flavor: r-release-osx-x86_64