CRAN Package Check Results for Package corpus

Last updated on 2017-12-20 00:46:45 CET.

Flavor Version Tinstall Tcheck Ttotal Status Flags
r-devel-linux-x86_64-debian-clang 0.10.0 21.08 46.31 67.39 OK
r-devel-linux-x86_64-debian-gcc 0.10.0 OK
r-devel-linux-x86_64-fedora-clang 0.10.0 84.64 NOTE
r-devel-linux-x86_64-fedora-gcc 0.10.0 82.80 NOTE
r-devel-windows-ix86+x86_64 0.10.0 116.00 81.00 197.00 OK
r-patched-linux-x86_64 0.10.0 20.15 50.39 70.54 OK
r-patched-solaris-x86 0.10.0 119.10 NOTE
r-release-linux-x86_64 0.10.0 20.81 49.86 70.67 OK
r-release-windows-ix86+x86_64 0.10.0 83.00 83.00 166.00 OK
r-release-osx-x86_64 0.10.0 NOTE
r-oldrel-windows-ix86+x86_64 0.10.0 79.00 94.00 173.00 OK
r-oldrel-osx-x86_64 0.10.0 NOTE

Check Details

Version: 0.10.0
Check: data for non-ASCII characters
Result: NOTE
     Note: found 578 marked UTF-8 strings
Flavors: r-devel-linux-x86_64-fedora-clang, r-devel-linux-x86_64-fedora-gcc, r-patched-solaris-x86, r-release-osx-x86_64, r-oldrel-osx-x86_64