CRAN Package Check Results for Package corrr

Last updated on 2017-12-20 00:46:45 CET.

Flavor Version Tinstall Tcheck Ttotal Status Flags
r-devel-linux-x86_64-debian-clang 0.2.1 1.67 45.60 47.27 OK
r-devel-linux-x86_64-debian-gcc 0.2.1 OK
r-devel-linux-x86_64-fedora-clang 0.2.1 60.33 NOTE
r-devel-linux-x86_64-fedora-gcc 0.2.1 58.04 NOTE
r-devel-windows-ix86+x86_64 0.2.1 5.00 64.00 69.00 OK
r-patched-linux-x86_64 0.2.1 1.61 48.02 49.63 OK
r-patched-solaris-x86 0.2.1 75.50 OK
r-release-linux-x86_64 0.2.1 1.67 48.24 49.91 OK
r-release-windows-ix86+x86_64 0.2.1 5.00 66.00 71.00 OK
r-release-osx-x86_64 0.2.1 OK
r-oldrel-windows-ix86+x86_64 0.2.1 6.00 73.00 79.00 OK
r-oldrel-osx-x86_64 0.2.1 OK

Check Details

Version: 0.2.1
Check: DESCRIPTION meta-information
Result: NOTE
    Dependence on R version ‘3.3.1’ not with patchlevel 0
Flavors: r-devel-linux-x86_64-fedora-clang, r-devel-linux-x86_64-fedora-gcc