Last updated on 2017-12-20 00:46:46 CET.
Flavor | Version | Tinstall | Tcheck | Ttotal | Status | Flags |
---|---|---|---|---|---|---|
r-devel-linux-x86_64-debian-clang | 1.0.1 | 5.93 | 47.09 | 53.02 | NOTE | |
r-devel-linux-x86_64-debian-gcc | 1.0.1 | NOTE | ||||
r-devel-linux-x86_64-fedora-clang | 1.0.1 | 80.51 | NOTE | |||
r-devel-linux-x86_64-fedora-gcc | 1.0.1 | 77.79 | NOTE | |||
r-devel-windows-ix86+x86_64 | 1.0.1 | 25.00 | 87.00 | 112.00 | OK | |
r-patched-linux-x86_64 | 1.0.1 | 5.93 | 57.97 | 63.90 | NOTE | |
r-patched-solaris-x86 | 1.0.1 | 147.80 | OK | |||
r-release-linux-x86_64 | 1.0.1 | 5.93 | 57.31 | 63.24 | NOTE | |
r-release-windows-ix86+x86_64 | 1.0.1 | 18.00 | 132.00 | 150.00 | OK | |
r-release-osx-x86_64 | 1.0.1 | OK | ||||
r-oldrel-windows-ix86+x86_64 | 1.0.1 | 26.00 | 113.00 | 139.00 | OK | |
r-oldrel-osx-x86_64 | 1.0.1 | OK |
Version: 1.0.1
Check: compiled code
Result: NOTE
File ‘crskdiag/libs/crskdiag.so’:
Found no calls to: ‘R_registerRoutines’, ‘R_useDynamicSymbols’
It is good practice to register native routines and to disable symbol
search.
See ‘Writing portable packages’ in the ‘Writing R Extensions’ manual.
Flavors: r-devel-linux-x86_64-debian-clang, r-devel-linux-x86_64-debian-gcc, r-devel-linux-x86_64-fedora-clang, r-devel-linux-x86_64-fedora-gcc, r-patched-linux-x86_64, r-release-linux-x86_64