Last updated on 2017-12-20 00:46:47 CET.
Flavor | Version | Tinstall | Tcheck | Ttotal | Status | Flags |
---|---|---|---|---|---|---|
r-devel-linux-x86_64-debian-clang | 0.1.0 | 1.63 | 25.89 | 27.52 | OK | |
r-devel-linux-x86_64-debian-gcc | 0.1.0 | OK | ||||
r-devel-linux-x86_64-fedora-clang | 0.1.0 | 34.56 | OK | |||
r-devel-linux-x86_64-fedora-gcc | 0.1.0 | 34.67 | OK | |||
r-devel-windows-ix86+x86_64 | 0.1.0 | 4.00 | 43.00 | 47.00 | NOTE | |
r-patched-linux-x86_64 | 0.1.0 | 1.60 | 27.21 | 28.81 | OK | |
r-patched-solaris-x86 | 0.1.0 | 49.90 | OK | |||
r-release-linux-x86_64 | 0.1.0 | 1.32 | 26.68 | 28.00 | OK | |
r-release-windows-ix86+x86_64 | 0.1.0 | 5.00 | 42.00 | 47.00 | NOTE | |
r-release-osx-x86_64 | 0.1.0 | OK | ||||
r-oldrel-windows-ix86+x86_64 | 0.1.0 | 7.00 | 66.00 | 73.00 | NOTE | |
r-oldrel-osx-x86_64 | 0.1.0 | OK |
Version: 0.1.0
Check: package dependencies
Result: NOTE
Package suggested but not available for checking: 'doMC'
Flavors: r-devel-windows-ix86+x86_64, r-release-windows-ix86+x86_64, r-oldrel-windows-ix86+x86_64