Last updated on 2017-12-20 00:46:47 CET.
Flavor | Version | Tinstall | Tcheck | Ttotal | Status | Flags |
---|---|---|---|---|---|---|
r-devel-linux-x86_64-debian-clang | 0.0.4 | 12.99 | 449.01 | 462.00 | OK | |
r-devel-linux-x86_64-debian-gcc | 0.0.4 | OK | ||||
r-devel-linux-x86_64-fedora-clang | 0.0.4 | 583.32 | OK | |||
r-devel-linux-x86_64-fedora-gcc | 0.0.4 | 568.24 | OK | |||
r-devel-windows-ix86+x86_64 | 0.0.4 | 26.00 | 441.00 | 467.00 | OK | |
r-patched-linux-x86_64 | 0.0.4 | 14.66 | 525.60 | 540.26 | OK | |
r-patched-solaris-x86 | 0.0.4 | 682.20 | OK | |||
r-release-linux-x86_64 | 0.0.4 | 13.25 | 523.44 | 536.69 | OK | |
r-release-windows-ix86+x86_64 | 0.0.4 | 24.00 | 439.00 | 463.00 | OK | |
r-release-osx-x86_64 | 0.0.4 | OK | ||||
r-oldrel-osx-x86_64 | 0.0.4 | ERROR |
Version: 0.0.4
Check: package dependencies
Result: ERROR
Package required and available but unsuitable version: ‘RWeka’
See section ‘The DESCRIPTION file’ in the ‘Writing R Extensions’
manual.
Flavor: r-oldrel-osx-x86_64