CRAN Package Check Results for Package desc

Last updated on 2017-12-20 00:46:47 CET.

Flavor Version Tinstall Tcheck Ttotal Status Flags
r-devel-linux-x86_64-debian-clang 1.1.1 1.24 31.24 32.48 OK
r-devel-linux-x86_64-debian-gcc 1.1.1 OK
r-devel-linux-x86_64-fedora-clang 1.1.1 42.79 OK
r-devel-linux-x86_64-fedora-gcc 1.1.1 41.14 OK
r-devel-windows-ix86+x86_64 1.1.1 9.00 48.00 57.00 ERROR
r-patched-linux-x86_64 1.1.1 1.64 33.35 34.99 OK
r-patched-solaris-x86 1.1.1 50.60 OK
r-release-linux-x86_64 1.1.1 1.41 33.51 34.92 OK
r-release-windows-ix86+x86_64 1.1.1 4.00 47.00 51.00 ERROR
r-release-osx-x86_64 1.1.1 OK
r-oldrel-windows-ix86+x86_64 1.1.1 4.00 54.00 58.00 ERROR
r-oldrel-osx-x86_64 1.1.1 OK

Check Details

Version: 1.1.1
Check: tests
Result: ERROR
     Running 'testthat.R' [7s]
    Running the tests in 'tests/testthat.R' failed.
    Last 13 lines of output:
     -- 4. Failure: DCF reader works (@test-read.R#9) ------------------------------
     desc$get("Author") not equal to c(Author = "Gábor Csárdi").
     1/1 mismatches
     x[1]: "Gábor Csárdi"
     y[1]: "Gábor Csárdi"
    
     == testthat results ===========================================================
     OK: 348 SKIPPED: 0 FAILED: 4
     1. Failure: get_maintainer is OK, too (@test-authors.R#171)
     2. Failure: get works (@test-queries.R#9)
     3. Failure: get_or_fail works (@test-queries.R#18)
     4. Failure: DCF reader works (@test-read.R#9)
    
     Error: testthat unit tests failed
     Execution halted
Flavors: r-devel-windows-ix86+x86_64, r-release-windows-ix86+x86_64

Version: 1.1.1
Check: tests
Result: ERROR
     Running 'testthat.R' [8s]
    Running the tests in 'tests/testthat.R' failed.
    Last 13 lines of output:
     -- 4. Failure: DCF reader works (@test-read.R#9) ------------------------------
     desc$get("Author") not equal to c(Author = "Gábor Csárdi").
     1/1 mismatches
     x[1]: "Gábor Csárdi"
     y[1]: "Gábor Csárdi"
    
     == testthat results ===========================================================
     OK: 348 SKIPPED: 0 FAILED: 4
     1. Failure: get_maintainer is OK, too (@test-authors.R#171)
     2. Failure: get works (@test-queries.R#9)
     3. Failure: get_or_fail works (@test-queries.R#18)
     4. Failure: DCF reader works (@test-read.R#9)
    
     Error: testthat unit tests failed
     Execution halted
Flavor: r-oldrel-windows-ix86+x86_64