Last updated on 2017-12-20 00:46:47 CET.
Flavor | Version | Tinstall | Tcheck | Ttotal | Status | Flags |
---|---|---|---|---|---|---|
r-devel-linux-x86_64-debian-clang | 2.1 | 0.68 | 31.80 | 32.48 | OK | |
r-devel-linux-x86_64-debian-gcc | 2.1 | OK | ||||
r-devel-linux-x86_64-fedora-clang | 2.1 | 39.61 | OK | |||
r-devel-linux-x86_64-fedora-gcc | 2.1 | 37.18 | OK | |||
r-devel-windows-ix86+x86_64 | 2.1 | 5.00 | 49.00 | 54.00 | OK | |
r-patched-linux-x86_64 | 2.1 | 0.78 | 32.48 | 33.26 | OK | |
r-patched-solaris-x86 | 2.1 | 45.00 | OK | |||
r-release-linux-x86_64 | 2.1 | 0.74 | 34.07 | 34.81 | OK | |
r-release-windows-ix86+x86_64 | 2.1 | 2.00 | 62.00 | 64.00 | OK | |
r-release-osx-x86_64 | 2.1 | NOTE | ||||
r-oldrel-windows-ix86+x86_64 | 2.1 | 3.00 | 57.00 | 60.00 | OK | |
r-oldrel-osx-x86_64 | 2.1 | OK |
Version: 2.1
Check: re-building of vignette outputs
Result: NOTE
Error in re-building vignettes:
...
Error in texi2dvi(file = file, pdf = TRUE, clean = clean, quiet = quiet, :
Running 'texi2dvi' on 'desirability.tex' failed.
LaTeX errors:
! LaTeX Error: File `lastpage.sty' not found.
Type X to quit or <RETURN> to proceed,
or enter new name. (Default extension: sty)
! Emergency stop.
<read *>
l.13 \usepackage
{algorithm2e}^^M
! ==> Fatal error occurred, no output PDF file produced!
Calls: buildVignettes -> texi2pdf -> texi2dvi
Execution halted
Flavor: r-release-osx-x86_64