CRAN Package Check Results for Package dirmult

Last updated on 2017-12-20 00:46:48 CET.

Flavor Version Tinstall Tcheck Ttotal Status Flags
r-devel-linux-x86_64-debian-clang 0.1.3-4 0.79 20.11 20.90 NOTE
r-devel-linux-x86_64-debian-gcc 0.1.3-4 NOTE
r-devel-linux-x86_64-fedora-clang 0.1.3-4 27.26 NOTE
r-devel-linux-x86_64-fedora-gcc 0.1.3-4 26.51 NOTE
r-devel-windows-ix86+x86_64 0.1.3-4 2.00 28.00 30.00 NOTE
r-patched-linux-x86_64 0.1.3-4 0.80 20.62 21.42 NOTE
r-patched-solaris-x86 0.1.3-4 34.50 NOTE
r-release-linux-x86_64 0.1.3-4 0.72 20.60 21.32 NOTE
r-release-windows-ix86+x86_64 0.1.3-4 2.00 31.00 33.00 NOTE
r-release-osx-x86_64 0.1.3-4 NOTE
r-oldrel-windows-ix86+x86_64 0.1.3-4 2.00 31.00 33.00 NOTE
r-oldrel-osx-x86_64 0.1.3-4 NOTE

Check Details

Version: 0.1.3-4
Check: DESCRIPTION meta-information
Result: NOTE
    Malformed Title field: should not end in a period.
Flavors: r-devel-linux-x86_64-debian-clang, r-devel-linux-x86_64-debian-gcc, r-devel-linux-x86_64-fedora-clang, r-devel-linux-x86_64-fedora-gcc, r-devel-windows-ix86+x86_64, r-patched-linux-x86_64, r-patched-solaris-x86, r-release-linux-x86_64, r-release-windows-ix86+x86_64, r-release-osx-x86_64, r-oldrel-windows-ix86+x86_64, r-oldrel-osx-x86_64

Version: 0.1.3-4
Check: top-level files
Result: NOTE
    Non-standard file/directory found at top level:
     ‘dirmult.pdf’
Flavors: r-devel-linux-x86_64-debian-clang, r-devel-linux-x86_64-debian-gcc, r-devel-linux-x86_64-fedora-clang, r-devel-linux-x86_64-fedora-gcc, r-patched-linux-x86_64, r-release-linux-x86_64

Version: 0.1.3-4
Check: R code for possible problems
Result: NOTE
    nullTest: no visible global function definition for ‘rmultinom’
    rdirichlet: no visible global function definition for ‘rgamma’
    simPop: no visible global function definition for ‘rnorm’
    simPop: no visible global function definition for ‘rmultinom’
    Undefined global functions or variables:
     rgamma rmultinom rnorm
    Consider adding
     importFrom("stats", "rgamma", "rmultinom", "rnorm")
    to your NAMESPACE file.
Flavors: r-devel-linux-x86_64-debian-clang, r-devel-linux-x86_64-debian-gcc, r-devel-linux-x86_64-fedora-clang, r-devel-linux-x86_64-fedora-gcc, r-devel-windows-ix86+x86_64, r-patched-linux-x86_64, r-patched-solaris-x86, r-release-linux-x86_64, r-release-windows-ix86+x86_64, r-release-osx-x86_64, r-oldrel-windows-ix86+x86_64, r-oldrel-osx-x86_64