Last updated on 2017-12-20 00:46:48 CET.
Flavor | Version | Tinstall | Tcheck | Ttotal | Status | Flags |
---|---|---|---|---|---|---|
r-devel-linux-x86_64-debian-clang | 1.4.2 | 1.53 | 71.30 | 72.83 | OK | |
r-devel-linux-x86_64-debian-gcc | 1.4.2 | OK | ||||
r-devel-linux-x86_64-fedora-clang | 1.4.2 | 98.70 | OK | |||
r-devel-linux-x86_64-fedora-gcc | 1.4.2 | 94.22 | OK | |||
r-devel-windows-ix86+x86_64 | 1.4.2 | 6.00 | 98.00 | 104.00 | OK | |
r-patched-linux-x86_64 | 1.4.2 | 1.90 | 83.49 | 85.39 | OK | |
r-patched-solaris-x86 | 1.4.2 | 126.90 | NOTE | |||
r-release-linux-x86_64 | 1.4.2 | 1.88 | 85.82 | 87.70 | OK | |
r-release-windows-ix86+x86_64 | 1.4.2 | 4.00 | 87.00 | 91.00 | WARN | |
r-release-osx-x86_64 | 1.4.2 | NOTE | ||||
r-oldrel-windows-ix86+x86_64 | 1.4.2 | 4.00 | 123.00 | 127.00 | OK | |
r-oldrel-osx-x86_64 | 1.4.2 | NOTE |
Version: 1.4.2
Check: package dependencies
Result: NOTE
Package which this enhances but not available for checking: ‘INLA’
Flavors: r-patched-solaris-x86, r-release-osx-x86_64, r-oldrel-osx-x86_64
Version: 1.4.2
Check: Rd cross-references
Result: NOTE
Package unavailable to check Rd xrefs: ‘INLA’
Flavors: r-patched-solaris-x86, r-release-osx-x86_64, r-oldrel-osx-x86_64
Version: 1.4.2
Check: re-building of vignette outputs
Result: WARN
Error in re-building vignettes:
...
Overfull \hbox (24.24522pt too wide) in paragraph at lines 218--218
[] []\OT1/cmtt/m/n/12 priorCI[] []=[] []list[][]([][]sd[] []=[] []c[][]([][]
1[][],[] []0.05[][]),[] []propSpatial[] []=[] []c[][]([][]0.2[][],[] []0.95[][]
))),[] []silent[] []=[] []TRUE[][])[][]
Overfull \hbox (36.59523pt too wide) in paragraph at lines 222--222
[]\OT1/cmtt/m/n/12 ## Warning in inla.model.properties.generic(inla.trim.family
(model), (mm[names(mm)
Overfull \hbox (18.07022pt too wide) in paragraph at lines 222--222
\OT1/cmtt/m/n/12 == : Model 'bym2' in section 'latent' is marked as 'experiment
al'; changes may
[2] [3] <use "figure/priorPostPc-1.pdf" > <use "figure/maps-1.pdf" > [4]
(bym.aux) )
(see the transcript file for additional information)
Output written on bym.pdf (4 pages).
Transcript written on bym.log.
'D:/RCompile/recent/R-34~1.3/bin/Rscript' -e "tools::compactPDF('bym.pdf', gs_quality='ebook')"
Die Syntax f<c2><81>r den Dateinamen, Verzeichnisnamen oder die Datentr<c2><84>gerbezeichnung ist falsch.
make[1]: *** [bym.pdf] Error 1
make[1]: Leaving directory `/cygdrive/d/RCompile/CRANpkg/local/3.4/diseasemapping.Rcheck/vign_test/diseasemapping/vignettes'
Warning: running command 'make' had status 2
Error in buildVignettes(dir = "d:/Rcompile/CRANpkg/local/3.4/diseasemapping.Rcheck/vign_test/diseasemapping") :
running 'make' failed
Execution halted
Flavor: r-release-windows-ix86+x86_64