CRAN Package Check Results for Package dynsurv

Last updated on 2017-12-20 00:46:49 CET.

Flavor Version Tinstall Tcheck Ttotal Status Flags
r-devel-linux-x86_64-debian-clang 0.3-6 31.68 47.69 79.37 OK
r-devel-linux-x86_64-debian-gcc 0.3-6 OK
r-devel-linux-x86_64-fedora-clang 0.3-6 118.02 NOTE
r-devel-linux-x86_64-fedora-gcc 0.3-6 103.13 OK
r-devel-windows-ix86+x86_64 0.3-6 71.00 99.00 170.00 OK
r-patched-linux-x86_64 0.3-6 22.47 59.65 82.12 OK
r-patched-solaris-x86 0.3-6 199.60 OK
r-release-linux-x86_64 0.3-6 22.15 59.36 81.51 OK
r-release-windows-ix86+x86_64 0.3-6 47.00 97.00 144.00 OK
r-release-osx-x86_64 0.3-6 NOTE
r-oldrel-windows-ix86+x86_64 0.3-6 74.00 119.00 193.00 OK
r-oldrel-osx-x86_64 0.3-6 OK

Check Details

Version: 0.3-6
Check: installed package size
Result: NOTE
     installed size is 5.2Mb
     sub-directories of 1Mb or more:
     libs 5.0Mb
Flavors: r-devel-linux-x86_64-fedora-clang, r-release-osx-x86_64