Last updated on 2017-12-20 00:46:49 CET.
Flavor | Version | Tinstall | Tcheck | Ttotal | Status | Flags |
---|---|---|---|---|---|---|
r-devel-linux-x86_64-debian-clang | 0.9.1 | 4.88 | 374.70 | 379.58 | OK | |
r-devel-linux-x86_64-debian-gcc | 0.9.1 | OK | ||||
r-devel-linux-x86_64-fedora-clang | 0.9.1 | 485.97 | NOTE | |||
r-devel-linux-x86_64-fedora-gcc | 0.9.1 | 483.15 | NOTE | |||
r-devel-windows-ix86+x86_64 | 0.9.1 | 20.00 | 94.00 | 114.00 | OK | --no-examples --no-tests --no-vignettes |
r-patched-linux-x86_64 | 0.9.1 | 6.08 | 437.91 | 443.99 | OK | |
r-patched-solaris-x86 | 0.9.1 | 528.70 | OK | |||
r-release-linux-x86_64 | 0.9.1 | 5.84 | 434.73 | 440.57 | OK | |
r-release-windows-ix86+x86_64 | 0.9.1 | 14.00 | 138.00 | 152.00 | OK | --no-examples --no-tests --no-vignettes |
r-release-osx-x86_64 | 0.9.1 | OK | ||||
r-oldrel-windows-ix86+x86_64 | 0.9.1 | 27.00 | 141.00 | 168.00 | OK | --no-examples --no-tests --no-vignettes |
r-oldrel-osx-x86_64 | 0.9.1 | OK |
Version: 0.9.1
Check: DESCRIPTION meta-information
Result: NOTE
Dependence on R version ‘3.3.1’ not with patchlevel 0
Flavors: r-devel-linux-x86_64-fedora-clang, r-devel-linux-x86_64-fedora-gcc