CRAN Package Check Results for Package ecolottery

Last updated on 2017-12-20 00:46:49 CET.

Flavor Version Tinstall Tcheck Ttotal Status Flags
r-devel-linux-x86_64-debian-clang 1.0.0 3.96 201.40 205.36 OK
r-devel-linux-x86_64-debian-gcc 1.0.0 OK
r-devel-linux-x86_64-fedora-clang 1.0.0 257.35 OK
r-devel-linux-x86_64-fedora-gcc 1.0.0 252.99 OK
r-devel-windows-ix86+x86_64 1.0.0 10.00 264.00 274.00 OK
r-patched-linux-x86_64 1.0.0 4.11 265.78 269.89 OK
r-patched-solaris-x86 1.0.0 510.60 OK
r-release-linux-x86_64 1.0.0 5.08 255.46 260.54 OK
r-release-windows-ix86+x86_64 1.0.0 8.00 282.00 290.00 OK
r-release-osx-x86_64 1.0.0 NOTE
r-oldrel-windows-ix86+x86_64 1.0.0 11.00 375.00 386.00 OK
r-oldrel-osx-x86_64 1.0.0 OK

Check Details

Version: 1.0.0
Check: package dependencies
Result: NOTE
    Package suggested but not available for checking: ‘untb’
Flavor: r-release-osx-x86_64