Last updated on 2017-12-20 00:46:49 CET.
Flavor | Version | Tinstall | Tcheck | Ttotal | Status | Flags |
---|---|---|---|---|---|---|
r-devel-linux-x86_64-debian-clang | 1.0 | 0.69 | 22.15 | 22.84 | OK | |
r-devel-linux-x86_64-debian-gcc | 1.0 | OK | ||||
r-devel-linux-x86_64-fedora-clang | 1.0 | 30.53 | NOTE | |||
r-devel-linux-x86_64-fedora-gcc | 1.0 | 29.50 | NOTE | |||
r-devel-windows-ix86+x86_64 | 1.0 | 4.00 | 31.00 | 35.00 | OK | |
r-patched-linux-x86_64 | 1.0 | 0.97 | 24.36 | 25.33 | OK | |
r-patched-solaris-x86 | 1.0 | 41.60 | OK | |||
r-release-linux-x86_64 | 1.0 | 0.96 | 24.36 | 25.32 | OK | |
r-release-windows-ix86+x86_64 | 1.0 | 3.00 | 31.00 | 34.00 | OK | |
r-release-osx-x86_64 | 1.0 | OK | ||||
r-oldrel-windows-ix86+x86_64 | 1.0 | 6.00 | 43.00 | 49.00 | OK | |
r-oldrel-osx-x86_64 | 1.0 | OK |
Version: 1.0
Check: DESCRIPTION meta-information
Result: NOTE
Dependence on R version ‘3.3.1’ not with patchlevel 0
Flavors: r-devel-linux-x86_64-fedora-clang, r-devel-linux-x86_64-fedora-gcc