CRAN Package Check Results for Package episplineDensity

Last updated on 2017-12-20 00:46:50 CET.

Flavor Version Tinstall Tcheck Ttotal Status Flags
r-devel-linux-x86_64-debian-clang 0.0-1 0.76 20.70 21.46 NOTE
r-devel-linux-x86_64-debian-gcc 0.0-1 NOTE
r-devel-linux-x86_64-fedora-clang 0.0-1 26.70 NOTE
r-devel-linux-x86_64-fedora-gcc 0.0-1 25.76 NOTE
r-devel-windows-ix86+x86_64 0.0-1 5.00 31.00 36.00 NOTE
r-patched-linux-x86_64 0.0-1 0.76 21.75 22.51 NOTE
r-patched-solaris-x86 0.0-1 36.50 NOTE
r-release-linux-x86_64 0.0-1 0.91 22.53 23.44 NOTE
r-release-windows-ix86+x86_64 0.0-1 2.00 30.00 32.00 NOTE
r-release-osx-x86_64 0.0-1 NOTE
r-oldrel-windows-ix86+x86_64 0.0-1 3.00 41.00 44.00 NOTE
r-oldrel-osx-x86_64 0.0-1 NOTE

Check Details

Version: 0.0-1
Check: R code for possible problems
Result: NOTE
    plot.episplineDensity: no visible global function definition for ‘plot’
    plot.episplineDensity: no visible global function definition for
     ‘points’
    postproc: no visible global function definition for ‘plot’
    postproc: no visible global function definition for ‘points’
    preprocess.data: no visible global function definition for ‘sd’
    Undefined global functions or variables:
     plot points sd
    Consider adding
     importFrom("graphics", "plot", "points")
     importFrom("stats", "sd")
    to your NAMESPACE file.
Flavors: r-devel-linux-x86_64-debian-clang, r-devel-linux-x86_64-debian-gcc, r-devel-linux-x86_64-fedora-clang, r-devel-linux-x86_64-fedora-gcc, r-devel-windows-ix86+x86_64, r-patched-linux-x86_64, r-patched-solaris-x86, r-release-linux-x86_64, r-release-windows-ix86+x86_64, r-release-osx-x86_64, r-oldrel-windows-ix86+x86_64, r-oldrel-osx-x86_64