CRAN Package Check Results for Package erah

Last updated on 2017-12-20 00:46:50 CET.

Flavor Version Tinstall Tcheck Ttotal Status Flags
r-devel-linux-x86_64-debian-clang 1.0.5 5.04 73.02 78.06 OK
r-devel-linux-x86_64-debian-gcc 1.0.5 OK
r-devel-linux-x86_64-fedora-clang 1.0.5 110.43 OK
r-devel-linux-x86_64-fedora-gcc 1.0.5 111.09 OK
r-devel-windows-ix86+x86_64 1.0.5 19.00 96.00 115.00 OK
r-patched-linux-x86_64 1.0.5 4.34 90.53 94.87 OK
r-patched-solaris-x86 1.0.5 161.10 NOTE
r-release-linux-x86_64 1.0.5 5.51 89.24 94.75 OK
r-release-windows-ix86+x86_64 1.0.5 12.00 84.00 96.00 OK
r-release-osx-x86_64 1.0.5 NOTE
r-oldrel-windows-ix86+x86_64 1.0.5 21.00 117.00 138.00 OK
r-oldrel-osx-x86_64 1.0.5 OK

Check Details

Version: 1.0.5
Check: package dependencies
Result: NOTE
    Package suggested but not available for checking: ‘mzR’
Flavors: r-patched-solaris-x86, r-release-osx-x86_64