Last updated on 2017-12-20 00:46:52 CET.
Flavor | Version | Tinstall | Tcheck | Ttotal | Status | Flags |
---|---|---|---|---|---|---|
r-devel-linux-x86_64-debian-clang | 3042.79 | 3.89 | 63.74 | 67.63 | NOTE | |
r-devel-linux-x86_64-debian-gcc | 3042.79 | NOTE | ||||
r-devel-linux-x86_64-fedora-clang | 3042.79 | 88.08 | NOTE | |||
r-devel-linux-x86_64-fedora-gcc | 3042.79 | 87.81 | NOTE | |||
r-devel-windows-ix86+x86_64 | 3042.79 | 12.00 | 117.00 | 129.00 | OK | |
r-patched-linux-x86_64 | 3042.79 | 3.53 | 76.53 | 80.06 | NOTE | |
r-patched-solaris-x86 | 3042.79 | 114.20 | OK | |||
r-release-linux-x86_64 | 3042.79 | 3.63 | 75.44 | 79.07 | NOTE | |
r-release-windows-ix86+x86_64 | 3042.79 | 10.00 | 156.00 | 166.00 | OK | |
r-release-osx-x86_64 | 3042.79 | OK | ||||
r-oldrel-windows-ix86+x86_64 | 3042.79 | 13.00 | 150.00 | 163.00 | OK | |
r-oldrel-osx-x86_64 | 3042.79 | OK |
Version: 3042.79
Check: compiled code
Result: NOTE
File ‘fNonlinear/libs/fNonlinear.so’:
Found no calls to: ‘R_registerRoutines’, ‘R_useDynamicSymbols’
It is good practice to register native routines and to disable symbol
search.
See ‘Writing portable packages’ in the ‘Writing R Extensions’ manual.
Flavors: r-devel-linux-x86_64-debian-clang, r-devel-linux-x86_64-debian-gcc, r-devel-linux-x86_64-fedora-clang, r-devel-linux-x86_64-fedora-gcc, r-patched-linux-x86_64, r-release-linux-x86_64