Last updated on 2017-12-20 00:46:51 CET.
Flavor | Version | Tinstall | Tcheck | Ttotal | Status | Flags |
---|---|---|---|---|---|---|
r-devel-linux-x86_64-debian-clang | 0.2.0 | 35.34 | 66.06 | 101.40 | OK | |
r-devel-linux-x86_64-debian-gcc | 0.2.0 | OK | ||||
r-devel-linux-x86_64-fedora-clang | 0.2.0 | 149.00 | NOTE | |||
r-devel-linux-x86_64-fedora-gcc | 0.2.0 | 146.77 | NOTE | |||
r-devel-windows-ix86+x86_64 | 0.2.0 | 107.00 | 111.00 | 218.00 | NOTE | |
r-patched-linux-x86_64 | 0.2.0 | 37.69 | 79.95 | 117.64 | OK | |
r-patched-solaris-x86 | 0.2.0 | 199.70 | NOTE | |||
r-release-linux-x86_64 | 0.2.0 | 39.05 | 78.76 | 117.81 | OK | |
r-release-windows-ix86+x86_64 | 0.2.0 | 78.00 | 113.00 | 191.00 | NOTE | |
r-release-osx-x86_64 | 0.2.0 | NOTE | ||||
r-oldrel-windows-ix86+x86_64 | 0.2.0 | 69.00 | 169.00 | 238.00 | NOTE | |
r-oldrel-osx-x86_64 | 0.2.0 | NOTE |
Version: 0.2.0
Check: installed package size
Result: NOTE
installed size is 6.9Mb
sub-directories of 1Mb or more:
data 4.8Mb
libs 1.9Mb
Flavors: r-devel-linux-x86_64-fedora-clang, r-devel-linux-x86_64-fedora-gcc, r-devel-windows-ix86+x86_64, r-patched-solaris-x86, r-release-windows-ix86+x86_64, r-release-osx-x86_64, r-oldrel-windows-ix86+x86_64, r-oldrel-osx-x86_64