Last updated on 2017-12-20 00:46:51 CET.
Flavor | Version | Tinstall | Tcheck | Ttotal | Status | Flags |
---|---|---|---|---|---|---|
r-devel-linux-x86_64-debian-clang | 0.6-3 | 1.93 | 12.83 | 14.76 | NOTE | |
r-devel-linux-x86_64-debian-gcc | 0.6-3 | NOTE | ||||
r-devel-linux-x86_64-fedora-clang | 0.6-3 | 20.42 | NOTE | |||
r-devel-linux-x86_64-fedora-gcc | 0.6-3 | 19.06 | NOTE | |||
r-devel-windows-ix86+x86_64 | 0.6-3 | 7.00 | 29.00 | 36.00 | OK | |
r-patched-linux-x86_64 | 0.6-3 | 1.50 | 12.99 | 14.49 | NOTE | |
r-patched-solaris-x86 | 0.6-3 | 28.10 | OK | |||
r-release-linux-x86_64 | 0.6-3 | 1.49 | 12.93 | 14.42 | NOTE | |
r-release-windows-ix86+x86_64 | 0.6-3 | 8.00 | 26.00 | 34.00 | OK | |
r-release-osx-x86_64 | 0.6-3 | OK | ||||
r-oldrel-windows-ix86+x86_64 | 0.6-3 | 9.00 | 30.00 | 39.00 | OK | |
r-oldrel-osx-x86_64 | 0.6-3 | OK |
Version: 0.6-3
Check: compiled code
Result: NOTE
File ‘fastdigest/libs/fastdigest.so’:
Found no call to: ‘R_useDynamicSymbols’
It is good practice to register native routines and to disable symbol
search.
See ‘Writing portable packages’ in the ‘Writing R Extensions’ manual.
Flavors: r-devel-linux-x86_64-debian-clang, r-devel-linux-x86_64-debian-gcc, r-devel-linux-x86_64-fedora-clang, r-devel-linux-x86_64-fedora-gcc, r-patched-linux-x86_64, r-release-linux-x86_64